{"id":292,"date":"2021-05-12T13:33:54","date_gmt":"2021-05-12T13:33:54","guid":{"rendered":"http:\/\/www.farma-podyji.cz\/?page_id=292"},"modified":"2022-01-06T13:46:06","modified_gmt":"2022-01-06T13:46:06","slug":"kultura-2017","status":"publish","type":"page","link":"https:\/\/www.farma-podyji.cz\/index.php\/kultura\/kultura-2017\/","title":{"rendered":"KULTURA 2017"},"content":{"rendered":"\n<p>Rok 2017 jsme zakon\u010dili nejen&nbsp;<strong>druh\u00fdm ro\u010dn\u00edkem podyjsk\u00e9ho redyku<\/strong>, ale&nbsp;i&nbsp;slavnost\u00ed&nbsp;Sh\u00e1n\u011bn\u00ed,&nbsp;kter\u00e1 m\u011bla toho roku sv\u00e9&nbsp;p\u00e1t\u00e9 v\u00fdro\u010d\u00ed. Slavnost&nbsp;<strong>Sh\u00e1n\u011bn\u00ed<\/strong>, kter\u00e1 ofici\u00e1ln\u011b&nbsp;ukon\u010duje pastevn\u00ed&nbsp;sez\u00f3nu, se konala na&nbsp;Kate\u0159insk\u00e9m dvo\u0159e u&nbsp;Znojma, respektive&nbsp;p\u0159\u00edmo na Na\u010deratick\u00e9m kopci.&nbsp;Leto\u0161n\u00ed slavnost byla ve znamen\u00ed hudby, kdy\u017e k n\u00e1m&nbsp;zav\u00edtalo n\u011bkolik vynikaj\u00edc\u00edch muzikant\u016f&nbsp;z r\u016fzn\u00fdch kout\u016f Moravy. Gajdo\u0161e Ond\u0159eje&nbsp;Tryhuka, kter\u00fd n\u00e1m zahr\u00e1l i na p\u0159edchoz\u00edch slavnostech,&nbsp;doplnil vala\u0161sk\u00fd gajdo\u0161 Petr Sovjak, kter\u00fd si krom\u011b gajd p\u0159ivezl i trembitu a bi\u010d. A krom\u011b t\u011bchto dvou muzikant\u016f k&nbsp;n\u00e1m pozv\u00e1n\u00ed p\u0159ijala i kapela Livada, kter\u00e1 u ohn\u011b hr\u00e1la p\u00edsn\u011b z dalek\u00e9ho&nbsp;Balk\u00e1nu. V\u0161em muzikant\u016fm mus\u00edme je\u0161t\u011b jednou pod\u011bkovat za&nbsp;jejich&nbsp;vst\u0159\u00edcnost a nasazen\u00ed.<\/p>\n\n\n\n<p>N\u00e1v\u0161t\u011bvn\u00edci slanosti mohli tentokr\u00e1t ochutnat pol\u00e9vku z jehn\u011b\u010d\u00edch jazyk\u016f a&nbsp;srdci,&nbsp;t\u00e9\u017e pasteveckou&nbsp;\u010dorbu bezmasou, koz\u00ed s\u00fdry a jehn\u011b\u010d\u00ed klob\u00e1sy. A&nbsp;k&nbsp;pit\u00ed se krom\u011b&nbsp;\u010daje a mo\u0161tu pod\u00e1valo pivo&nbsp;speci\u00e1ln\u011b pro tuto slavnost uva\u0159en\u00e9 \u2013 <strong>Redyck\u00fd le\u017e\u00e1k<\/strong>.&nbsp;<\/p>\n\n\n\n<p>Prostor s\u00fdpky obsadila v\u00fdstava fotografi\u00ed americk\u00e9 fotografky a ov\u010da\u010dky <strong>Cat Urbigkit<\/strong>,&nbsp;kter\u00e9 ji\u017e n\u011bkolik dlouh\u00fdch let dokumentuje pastevce nap\u0159\u00ed\u010d v\u0161emi kontinenty.&nbsp;<\/p>\n\n\n\n<p>A napi\u0161me i n\u011bkolik slov o druh\u00e9m podyjsk\u00e9m redyku, kter\u00fd tentokr\u00e1t m\u011b\u0159il t\u00e9m\u011b\u0159 sto&nbsp;kilometr\u016f. Ov\u010d\u00e1ci vyrazili dne 22. listopadu od \u0159eky Dyje u&nbsp;Nov\u00e9ho P\u0159erova se&nbsp;st\u00e1dem cca 70 ovc\u00ed, 9 koz a jedn\u00edm kozlem, sm\u011br Kate\u0159insk\u00fd dv\u016fr u&nbsp;Znojma, aby&nbsp;po dvou denn\u00ed ch\u016fzi nabrali druh\u00e9 st\u00e1do \u010d\u00edtaj\u00edc\u00ed t\u00e9m\u011b\u0159 300 zv\u00ed\u0159at, a&nbsp;dovedli ho&nbsp;zp\u011bt k \u0159ece Dyji u&nbsp;Nov\u00e9ho P\u0159erova. Tento obousm\u011brn\u00fd redyk je jistou kuriozitou,&nbsp;kter\u00e1, jak douf\u00e1me, nez\u016fstane pouze moment\u00e1ln\u00edm zjeven\u00edm, ale bude m\u00edt sv\u00e9&nbsp;pokra\u010dov\u00e1n\u00ed i&nbsp;v&nbsp;dal\u0161\u00edch letech.&nbsp;<\/p>\n\n\n\n<p>Odkaz na fotografie Krist\u00fdny Urb\u00e1nkov\u00e1&nbsp;<a rel=\"noreferrer noopener\" href=\"http:\/\/www.kri-urbank.cz\/shaneni2017.html\" target=\"_blank\"><strong>zde<\/strong><\/a>.<\/p>\n\n\n\n<figure class=\"wp-block-image size-large is-style-default\"><img decoding=\"async\" width=\"700\" height=\"464\" src=\"https:\/\/mlpu4x94dnfe.i.optimole.com\/w:auto\/h:auto\/q:mauto\/https:\/\/www.farma-podyji.cz\/wp-content\/uploads\/2021\/05\/gajdos-onrej-2017.jpg\" alt=\"\" class=\"wp-image-293\"\/><figcaption>Gajdo\u0161 Ond\u0159ej Tryhuk (Na\u010deratick\u00fd kopec, 18. listopadu 2017, foto: Krist\u00fdna Urb\u00e1nkov\u00e1)<\/figcaption><\/figure>\n\n\n\n<figure class=\"wp-block-image size-large is-style-default\"><img decoding=\"async\" width=\"700\" height=\"380\" src=\"https:\/\/mlpu4x94dnfe.i.optimole.com\/w:auto\/h:auto\/q:mauto\/https:\/\/www.farma-podyji.cz\/wp-content\/uploads\/2021\/05\/pastevec-mira-2017.jpg\" alt=\"\" class=\"wp-image-294\"\/><figcaption>Pastevec Bohumir p\u0159i Sh\u00e1n\u011bn\u00ed (Na\u010deratick\u00fd kopec, 18. listopadu 2017, foto: Krist\u00fdna Urb\u00e1nkov\u00e1)<\/figcaption><\/figure>\n\n\n\n<figure class=\"wp-block-image size-large is-style-default\"><img decoding=\"async\" width=\"700\" height=\"449\" src=\"https:\/\/mlpu4x94dnfe.i.optimole.com\/w:auto\/h:auto\/q:mauto\/https:\/\/www.farma-podyji.cz\/wp-content\/uploads\/2021\/05\/gajdosi-2017.jpg\" alt=\"\" class=\"wp-image-295\"\/><figcaption>Gajdo\u0161 Petr Sovjak (vlevo), Ond\u0159ej Tryhuk (vprost\u0159ed) a muzikant z kapely Livada (Na\u010deratick\u00fd kopec, 18. listopadu 2017, foto: Krist\u00fdna Urb\u00e1nkov\u00e1)<\/figcaption><\/figure>\n\n\n\n<figure class=\"wp-block-image size-large is-style-default\"><img data-opt-src=\"https:\/\/mlpu4x94dnfe.i.optimole.com\/w:auto\/h:auto\/q:mauto\/https:\/\/www.farma-podyji.cz\/wp-content\/uploads\/2021\/05\/goralove-stuha-2017.jpg\"  decoding=\"async\" width=\"700\" height=\"464\" src=\"https:\/\/mlpu4x94dnfe.i.optimole.com\/w:auto\/h:auto\/q:eco\/https:\/\/www.farma-podyji.cz\/wp-content\/uploads\/2021\/05\/goralove-stuha-2017.jpg\" alt=\"\" class=\"wp-image-296\"\/><noscript><img decoding=\"async\" width=\"700\" height=\"464\" src=\"https:\/\/mlpu4x94dnfe.i.optimole.com\/w:auto\/h:auto\/q:mauto\/https:\/\/www.farma-podyji.cz\/wp-content\/uploads\/2021\/05\/goralove-stuha-2017.jpg\" alt=\"\" class=\"wp-image-296\"\/></noscript><figcaption>Goralov\u00e9 z dalek\u00e9ho Slezska st\u0159ihaj\u00ed stuhu (Na\u010deratick\u00fd kopec, 18. listopadu 2017, foto: Krist\u00fdna Urb\u00e1nkov\u00e1)<\/figcaption><\/figure>\n\n\n\n<figure class=\"wp-block-image size-large is-style-default\"><img data-opt-src=\"https:\/\/mlpu4x94dnfe.i.optimole.com\/w:auto\/h:auto\/q:mauto\/https:\/\/www.farma-podyji.cz\/wp-content\/uploads\/2021\/05\/ovcak-tom-2017.jpg\"  decoding=\"async\" width=\"700\" height=\"401\" src=\"https:\/\/mlpu4x94dnfe.i.optimole.com\/w:auto\/h:auto\/q:eco\/https:\/\/www.farma-podyji.cz\/wp-content\/uploads\/2021\/05\/ovcak-tom-2017.jpg\" alt=\"\" class=\"wp-image-297\"\/><noscript><img decoding=\"async\" width=\"700\" height=\"401\" src=\"https:\/\/mlpu4x94dnfe.i.optimole.com\/w:auto\/h:auto\/q:mauto\/https:\/\/www.farma-podyji.cz\/wp-content\/uploads\/2021\/05\/ovcak-tom-2017.jpg\" alt=\"\" class=\"wp-image-297\"\/></noscript><figcaption>St\u00e1do s ov\u010d\u00e1kem Tom\u00e1\u0161em (Na\u010deratick\u00fd kopec, 18. listopadu 2017, foto: Krist\u00fdna Urb\u00e1nkov\u00e1)<\/figcaption><\/figure>\n\n\n\n<figure class=\"wp-block-image size-large is-style-default\"><img data-opt-src=\"https:\/\/mlpu4x94dnfe.i.optimole.com\/w:auto\/h:auto\/q:mauto\/https:\/\/www.farma-podyji.cz\/wp-content\/uploads\/2021\/05\/u-ohne-2017.jpg\"  decoding=\"async\" width=\"700\" height=\"464\" src=\"https:\/\/mlpu4x94dnfe.i.optimole.com\/w:auto\/h:auto\/q:eco\/https:\/\/www.farma-podyji.cz\/wp-content\/uploads\/2021\/05\/u-ohne-2017.jpg\" alt=\"\" class=\"wp-image-298\"\/><noscript><img decoding=\"async\" width=\"700\" height=\"464\" src=\"https:\/\/mlpu4x94dnfe.i.optimole.com\/w:auto\/h:auto\/q:mauto\/https:\/\/www.farma-podyji.cz\/wp-content\/uploads\/2021\/05\/u-ohne-2017.jpg\" alt=\"\" class=\"wp-image-298\"\/></noscript><figcaption>Skupina Livada hraj\u00edc\u00ed na Kate\u0159insk\u00e9m dvo\u0159e (Kate\u0159insk\u00fd dv\u016fr, 18. listopadu 2017, foto: Krist\u00fdna Urb\u00e1nkov\u00e1)<\/figcaption><\/figure>\n\n\n\n<figure class=\"wp-block-image size-large is-style-default\"><img data-opt-src=\"https:\/\/mlpu4x94dnfe.i.optimole.com\/w:auto\/h:auto\/q:mauto\/https:\/\/www.farma-podyji.cz\/wp-content\/uploads\/2021\/05\/dvur-2017.jpg\"  decoding=\"async\" width=\"700\" height=\"485\" src=\"https:\/\/mlpu4x94dnfe.i.optimole.com\/w:auto\/h:auto\/q:eco\/https:\/\/www.farma-podyji.cz\/wp-content\/uploads\/2021\/05\/dvur-2017.jpg\" alt=\"\" class=\"wp-image-299\"\/><noscript><img decoding=\"async\" width=\"700\" height=\"485\" src=\"https:\/\/mlpu4x94dnfe.i.optimole.com\/w:auto\/h:auto\/q:mauto\/https:\/\/www.farma-podyji.cz\/wp-content\/uploads\/2021\/05\/dvur-2017.jpg\" alt=\"\" class=\"wp-image-299\"\/></noscript><figcaption>Kate\u0159insk\u00fd dv\u016fr p\u0159i slavnosti Sh\u00e1n\u011bn\u00ed (Kate\u0159insk\u00fd dv\u016fr, 18. listopadu 2017, foto: Cat Urbigkit)<\/figcaption><\/figure>\n\n\n\n<figure class=\"wp-block-image size-large is-style-default\"><img data-opt-src=\"https:\/\/mlpu4x94dnfe.i.optimole.com\/w:auto\/h:auto\/q:mauto\/https:\/\/www.farma-podyji.cz\/wp-content\/uploads\/2021\/05\/vystava-2017.jpg\"  decoding=\"async\" width=\"700\" height=\"525\" src=\"https:\/\/mlpu4x94dnfe.i.optimole.com\/w:auto\/h:auto\/q:eco\/https:\/\/www.farma-podyji.cz\/wp-content\/uploads\/2021\/05\/vystava-2017.jpg\" alt=\"\" class=\"wp-image-300\"\/><noscript><img decoding=\"async\" width=\"700\" height=\"525\" src=\"https:\/\/mlpu4x94dnfe.i.optimole.com\/w:auto\/h:auto\/q:mauto\/https:\/\/www.farma-podyji.cz\/wp-content\/uploads\/2021\/05\/vystava-2017.jpg\" alt=\"\" class=\"wp-image-300\"\/></noscript><figcaption>V\u00fdstava fotografi\u00ed Cat Urbigkit (Kate\u0159insk\u00fd dv\u016fr, 18. listopadu 2017, foto: Krist\u00fdna Urb\u00e1nkov\u00e1)<\/figcaption><\/figure>\n\n\n\n<figure class=\"wp-block-image size-large is-style-default\"><img data-opt-src=\"https:\/\/mlpu4x94dnfe.i.optimole.com\/w:auto\/h:auto\/q:mauto\/https:\/\/www.farma-podyji.cz\/wp-content\/uploads\/2021\/05\/etiketa-pivo.jpg\"  decoding=\"async\" width=\"700\" height=\"382\" src=\"https:\/\/mlpu4x94dnfe.i.optimole.com\/w:auto\/h:auto\/q:eco\/https:\/\/www.farma-podyji.cz\/wp-content\/uploads\/2021\/05\/etiketa-pivo.jpg\" alt=\"\" class=\"wp-image-301\"\/><noscript><img decoding=\"async\" width=\"700\" height=\"382\" src=\"https:\/\/mlpu4x94dnfe.i.optimole.com\/w:auto\/h:auto\/q:mauto\/https:\/\/www.farma-podyji.cz\/wp-content\/uploads\/2021\/05\/etiketa-pivo.jpg\" alt=\"\" class=\"wp-image-301\"\/></noscript><figcaption>Etiketa z piva Redyck\u00fd le\u017e\u00e1k (foto: Krist\u00fdna Urb\u00e1nkov\u00e1)<\/figcaption><\/figure>\n\n\n\n<figure class=\"wp-block-image size-large is-style-default\"><img data-opt-src=\"https:\/\/mlpu4x94dnfe.i.optimole.com\/w:auto\/h:auto\/q:mauto\/https:\/\/www.farma-podyji.cz\/wp-content\/uploads\/2021\/05\/redyk-2017-1.jpg\"  decoding=\"async\" width=\"700\" height=\"396\" src=\"https:\/\/mlpu4x94dnfe.i.optimole.com\/w:auto\/h:auto\/q:eco\/https:\/\/www.farma-podyji.cz\/wp-content\/uploads\/2021\/05\/redyk-2017-1.jpg\" alt=\"\" class=\"wp-image-302\"\/><noscript><img decoding=\"async\" width=\"700\" height=\"396\" src=\"https:\/\/mlpu4x94dnfe.i.optimole.com\/w:auto\/h:auto\/q:mauto\/https:\/\/www.farma-podyji.cz\/wp-content\/uploads\/2021\/05\/redyk-2017-1.jpg\" alt=\"\" class=\"wp-image-302\"\/></noscript><figcaption>Druh\u00fd podyjsk\u00fd redyk (2. den, 23. listopadu 2017, foto: Krist\u00fdna Urb\u00e1nkov\u00e1)<\/figcaption><\/figure>\n\n\n\n<figure class=\"wp-block-image size-large is-style-default\"><img data-opt-src=\"https:\/\/mlpu4x94dnfe.i.optimole.com\/w:auto\/h:auto\/q:mauto\/https:\/\/www.farma-podyji.cz\/wp-content\/uploads\/2021\/05\/redyk-2017-2.jpg\"  decoding=\"async\" width=\"700\" height=\"495\" src=\"https:\/\/mlpu4x94dnfe.i.optimole.com\/w:auto\/h:auto\/q:eco\/https:\/\/www.farma-podyji.cz\/wp-content\/uploads\/2021\/05\/redyk-2017-2.jpg\" alt=\"\" class=\"wp-image-303\"\/><noscript><img decoding=\"async\" width=\"700\" height=\"495\" src=\"https:\/\/mlpu4x94dnfe.i.optimole.com\/w:auto\/h:auto\/q:mauto\/https:\/\/www.farma-podyji.cz\/wp-content\/uploads\/2021\/05\/redyk-2017-2.jpg\" alt=\"\" class=\"wp-image-303\"\/></noscript><figcaption>Kozel na redyku (2. den, 23. listopadu 2017, foto: Krist\u00fdna Urb\u00e1nkov\u00e1)<\/figcaption><\/figure>\n\n\n\n<figure class=\"wp-block-image size-large is-style-default\"><img data-opt-src=\"https:\/\/mlpu4x94dnfe.i.optimole.com\/w:auto\/h:auto\/q:mauto\/https:\/\/www.farma-podyji.cz\/wp-content\/uploads\/2021\/05\/redyk-2017-3.jpg\"  decoding=\"async\" width=\"700\" height=\"411\" src=\"https:\/\/mlpu4x94dnfe.i.optimole.com\/w:auto\/h:auto\/q:eco\/https:\/\/www.farma-podyji.cz\/wp-content\/uploads\/2021\/05\/redyk-2017-3.jpg\" alt=\"\" class=\"wp-image-304\"\/><noscript><img decoding=\"async\" width=\"700\" height=\"411\" src=\"https:\/\/mlpu4x94dnfe.i.optimole.com\/w:auto\/h:auto\/q:mauto\/https:\/\/www.farma-podyji.cz\/wp-content\/uploads\/2021\/05\/redyk-2017-3.jpg\" alt=\"\" class=\"wp-image-304\"\/></noscript><figcaption>P\u0159echod silnice u Strachotic (2. den, 23. listopadu 2017, foto: Krist\u00fdna Urb\u00e1nkov\u00e1)<\/figcaption><\/figure>\n\n\n\n<p><strong>Redyk<\/strong>\u00a0[<em>z goralsk\u00e9ho slova redyk<\/em>]: p\u011b\u0161\u00ed p\u0159esun ovc\u00ed a koz z letn\u00edch pastvin na zimovi\u0161t\u011b \u010di ze zimovi\u0161t\u011b na letn\u00ed pastviny. M\u011blo by se jednat o\u00a0p\u0159esun, jen\u017e trv\u00e1 minim\u00e1ln\u011b dva dny a jednu noc a b\u011bhem n\u011bho\u017e zv\u00ed\u0159ata i\u00a0ov\u010d\u00e1ci ujdou alespo\u0148 40 kilometr\u016f, p\u0159i\u010dem\u017e rychlost ch\u016fze by m\u011bla b\u00fdt takov\u00e1, aby ov\u010d\u00e1k vp\u0159edu mohl v\u00a0poklidu poku\u0159ovat d\u00fdmku. Prvn\u00ed historicky <strong><a rel=\"noreferrer noopener\" href=\"http:\/\/www.kri-urbank.cz\/redyk2016.html\" target=\"_blank\">zdokumentovan\u00fd<\/a><\/strong> redyk na ji\u017en\u00ed Morav\u011b prob\u011bhl roku 2016, kdy ov\u010d\u00e1ci a\u00a0pastevci z Ov\u010d\u00ed farmy Podyj\u00ed uskute\u010dnili tzv. \u201ePrvn\u00ed podyjsk\u00fd redyk\u201c, kdy\u017e ve dnech 26. \u2013 27. listopadu 2016 hnali st\u00e1do 240 kus\u016f ovc\u00ed a\u00a0koz z\u00a0Kate\u0159insk\u00e9ho dvora u Znojma do ov\u010d\u00edna v Nov\u00e9m P\u0159erov\u011b. Ch\u016fze trvala dva dny a trasa m\u011b\u0159ila 45\u00a0kilometr\u016f. Cel\u00e1\u00a0karavana b\u011bhem pochodu vstoupila podvakr\u00e1te na \u00fazem\u00ed st\u00e1tu Rakousk\u00e9ho, \u010d\u00edm\u017e dostala tato ve\u00a0zdej\u0161\u00edch kraj\u00edch neobvykl\u00e1 ud\u00e1lost mezin\u00e1rodn\u00ed p\u0159esah. P\u0159esun se uskute\u010dnil za \u00fa\u010dasti dev\u00edti ov\u010d\u00e1k\u016f, \u0161esti ov\u010d\u00e1ck\u00fdch ps\u016f a jednoho motorov\u00e9ho vozidla.<\/p>\n\n\n\n<p><\/p>\n\n\n\n<p> <a href=\"https:\/\/www.farma-podyji.cz\/index.php\/kultura\/kultura-2021\/\" data-type=\"page\" data-id=\"589\">KULTURA 2021<\/a>  |  <a href=\"https:\/\/www.farma-podyji.cz\/index.php\/kultura\/kultura-2020\/\" data-type=\"page\" data-id=\"523\">2020<\/a>  |  <a href=\"https:\/\/www.farma-podyji.cz\/index.php\/kultura\/kultura-2019\/\" data-type=\"page\" data-id=\"222\">2019<\/a>  |  <a href=\"https:\/\/www.farma-podyji.cz\/index.php\/kultura\/kultura-2018\/\" data-type=\"page\" data-id=\"285\">2018<\/a>  |  <a href=\"https:\/\/www.farma-podyji.cz\/index.php\/kultura\/kultura-2016\/\" data-type=\"page\" data-id=\"330\">2016<\/a>  |  <a href=\"https:\/\/www.farma-podyji.cz\/index.php\/kultura\/starsi\/\" data-type=\"page\" data-id=\"353\">STAR\u0160\u00cd&#8230;<\/a> <\/p>\n","protected":false},"excerpt":{"rendered":"<p>Rok 2017 jsme zakon\u010dili nejen&nbsp;druh\u00fdm ro\u010dn\u00edkem podyjsk\u00e9ho redyku, ale&nbsp;i&nbsp;slavnost\u00ed&nbsp;Sh\u00e1n\u011bn\u00ed,&nbsp;kter\u00e1 m\u011bla toho roku sv\u00e9&nbsp;p\u00e1t\u00e9 v\u00fdro\u010d\u00ed. Slavnost&nbsp;Sh\u00e1n\u011bn\u00ed, kter\u00e1 ofici\u00e1ln\u011b&nbsp;ukon\u010duje pastevn\u00ed&nbsp;sez\u00f3nu, se konala na&nbsp;Kate\u0159insk\u00e9m dvo\u0159e u&nbsp;Znojma, respektive&nbsp;p\u0159\u00edmo na Na\u010deratick\u00e9m kopci.&nbsp;Leto\u0161n\u00ed slavnost byla ve znamen\u00ed hudby, kdy\u017e k n\u00e1m&nbsp;zav\u00edtalo n\u011bkolik vynikaj\u00edc\u00edch muzikant\u016f&nbsp;z r\u016fzn\u00fdch kout\u016f Moravy. Gajdo\u0161e Ond\u0159eje&nbsp;Tryhuka, kter\u00fd n\u00e1m zahr\u00e1l i na p\u0159edchoz\u00edch slavnostech,&nbsp;doplnil vala\u0161sk\u00fd gajdo\u0161 Petr Sovjak, kter\u00fd &hellip; <\/p>\n<p class=\"link-more\"><a href=\"https:\/\/www.farma-podyji.cz\/index.php\/kultura\/kultura-2017\/\" class=\"more-link\">Read the full post &rarr;<span class=\"screen-reader-text\">&#8222;KULTURA 2017&#8220;<\/span><\/a><\/p>\n","protected":false},"author":1,"featured_media":0,"parent":44,"menu_order":0,"comment_status":"closed","ping_status":"closed","template":"","meta":[],"_links":{"self":[{"href":"https:\/\/www.farma-podyji.cz\/index.php\/wp-json\/wp\/v2\/pages\/292"}],"collection":[{"href":"https:\/\/www.farma-podyji.cz\/index.php\/wp-json\/wp\/v2\/pages"}],"about":[{"href":"https:\/\/www.farma-podyji.cz\/index.php\/wp-json\/wp\/v2\/types\/page"}],"author":[{"embeddable":true,"href":"https:\/\/www.farma-podyji.cz\/index.php\/wp-json\/wp\/v2\/users\/1"}],"replies":[{"embeddable":true,"href":"https:\/\/www.farma-podyji.cz\/index.php\/wp-json\/wp\/v2\/comments?post=292"}],"version-history":[{"count":14,"href":"https:\/\/www.farma-podyji.cz\/index.php\/wp-json\/wp\/v2\/pages\/292\/revisions"}],"predecessor-version":[{"id":600,"href":"https:\/\/www.farma-podyji.cz\/index.php\/wp-json\/wp\/v2\/pages\/292\/revisions\/600"}],"up":[{"embeddable":true,"href":"https:\/\/www.farma-podyji.cz\/index.php\/wp-json\/wp\/v2\/pages\/44"}],"wp:attachment":[{"href":"https:\/\/www.farma-podyji.cz\/index.php\/wp-json\/wp\/v2\/media?parent=292"}],"curies":[{"name":"wp","href":"https:\/\/api.w.org\/{rel}","templated":true}]}}