{"id":44,"date":"2021-05-12T07:40:07","date_gmt":"2021-05-12T07:40:07","guid":{"rendered":"http:\/\/www.farma-podyji.cz\/?page_id=44"},"modified":"2025-03-31T07:02:59","modified_gmt":"2025-03-31T07:02:59","slug":"kultura","status":"publish","type":"page","link":"https:\/\/www.farma-podyji.cz\/index.php\/kultura\/","title":{"rendered":"KULTURA"},"content":{"rendered":"\n<p>Krom\u011b pastvy st\u00e1d na Znojemsku a B\u0159eclavsku se sna\u017e\u00edme po\u0159\u00e1dat r\u016fzn\u00e9 druhy kulturn\u011b-ov\u010d\u00e1ck\u00fdch akc\u00ed. O roku 2016 vyr\u00e1\u017e\u00edme v\u017edy na konci sez\u00f3ny s ovcemi z Kate\u0159insk\u00e9ho dvora do zimovi\u0161t\u011b v Nov\u00e9m P\u0159erov\u011b. Po zemi, p\u011b\u0161mo. Po cest\u00e1ch, za jak\u00e9hokoliv po\u010das\u00ed. V de\u0161ti, ve sn\u011bhu, v mrazu. Podyjsk\u00fd redyk je ji\u017e tradi\u010dn\u00ed akc\u00ed Ov\u010d\u00ed farmy Podyj\u00ed. Trasa m\u011b\u0159\u00ed cca 50 kilometr\u016f a pochod trv\u00e1 dva dny. V roce 2025 bychom m\u011bli oslavit des\u00e1t\u00e9 v\u00fdro\u010d\u00ed. <br><br>V letech 2013 a\u017e 2021 jsme na ukon\u010den\u00ed pasteveck\u00e9 sez\u00f3ny po\u0159\u00e1dali Sh\u00e1n\u011bn\u00ed. <br><br>V roce 2022 jsme do sout\u011b\u017ee o strom roku p\u0159ihl\u00e1sili statn\u00fd slupsk\u00fd dub, kter\u00fd v sout\u011b\u017ei z\u00edskal prvn\u00ed cenu. Vysazujeme t\u00e9\u017e stromy, aleje, p\u0159\u00edle\u017eitostn\u011b s jehn\u011b\u010d\u00edm zav\u00edt\u00e1me na n\u011bjakou m\u00edstn\u00ed ud\u00e1lost. <\/p>\n\n\n\n<figure class=\"wp-block-image size-large is-style-default\"><img decoding=\"async\" width=\"1000\" height=\"667\" src=\"https:\/\/mlpu4x94dnfe.i.optimole.com\/w:auto\/h:auto\/q:mauto\/https:\/\/www.farma-podyji.cz\/wp-content\/uploads\/2021\/05\/redyk-2020-1.jpg\" alt=\"\" class=\"wp-image-271\"\/><figcaption class=\"wp-element-caption\">Redky 2020, foto: Krist\u00fdna Urb\u00e1nov\u00e1<\/figcaption><\/figure>\n\n\n\n<p><\/p>\n\n\n\n<p><\/p>\n\n\n\n<p><a href=\"https:\/\/www.farma-podyji.cz\/index.php\/kultura\/kultura-2023\/\" data-type=\"URL\" data-id=\"https:\/\/www.farma-podyji.cz\/index.php\/kultura\/kultura-2023\/\">KULTURA 2023<\/a>  |  <a href=\"https:\/\/www.farma-podyji.cz\/index.php\/kultura\/kultura-2022\/\" data-type=\"URL\" data-id=\"https:\/\/www.farma-podyji.cz\/index.php\/kultura\/kultura-2022\/\">2022<\/a>  |  <a href=\"https:\/\/www.farma-podyji.cz\/index.php\/kultura\/kultura-2021\/\" data-type=\"page\" data-id=\"589\">2021<\/a>  |  <a href=\"https:\/\/www.farma-podyji.cz\/index.php\/kultura\/kultura-2020\/\" data-type=\"page\" data-id=\"523\">2020<\/a>  |  <a href=\"https:\/\/www.farma-podyji.cz\/index.php\/kultura\/kultura-2019\/\" data-type=\"page\" data-id=\"222\">2019<\/a>  |  <a href=\"https:\/\/www.farma-podyji.cz\/index.php\/kultura\/kultura-2018\/\" data-type=\"page\" data-id=\"285\">2018<\/a>  |  <a href=\"https:\/\/www.farma-podyji.cz\/index.php\/kultura\/kultura-2017\/\" data-type=\"page\" data-id=\"292\">2017<\/a>  |  <a href=\"https:\/\/www.farma-podyji.cz\/index.php\/kultura\/kultura-2016\/\" data-type=\"page\" data-id=\"330\">2016<\/a>  |  <a href=\"https:\/\/www.farma-podyji.cz\/index.php\/kultura\/starsi\/\" data-type=\"page\" data-id=\"353\">STAR\u0160\u00cd&#8230;<\/a><\/p>\n","protected":false},"excerpt":{"rendered":"<p>Krom\u011b pastvy st\u00e1d na Znojemsku a B\u0159eclavsku se sna\u017e\u00edme po\u0159\u00e1dat r\u016fzn\u00e9 druhy kulturn\u011b-ov\u010d\u00e1ck\u00fdch akc\u00ed. O roku 2016 vyr\u00e1\u017e\u00edme v\u017edy na konci sez\u00f3ny s ovcemi z Kate\u0159insk\u00e9ho dvora do zimovi\u0161t\u011b v Nov\u00e9m P\u0159erov\u011b. Po zemi, p\u011b\u0161mo. Po cest\u00e1ch, za jak\u00e9hokoliv po\u010das\u00ed. V de\u0161ti, ve sn\u011bhu, v mrazu. Podyjsk\u00fd redyk je ji\u017e tradi\u010dn\u00ed akc\u00ed Ov\u010d\u00ed farmy Podyj\u00ed. &hellip; <\/p>\n<p class=\"link-more\"><a href=\"https:\/\/www.farma-podyji.cz\/index.php\/kultura\/\" class=\"more-link\">Read the full post &rarr;<span class=\"screen-reader-text\">&#8222;KULTURA&#8220;<\/span><\/a><\/p>\n","protected":false},"author":1,"featured_media":0,"parent":0,"menu_order":0,"comment_status":"closed","ping_status":"closed","template":"","meta":[],"_links":{"self":[{"href":"https:\/\/www.farma-podyji.cz\/index.php\/wp-json\/wp\/v2\/pages\/44"}],"collection":[{"href":"https:\/\/www.farma-podyji.cz\/index.php\/wp-json\/wp\/v2\/pages"}],"about":[{"href":"https:\/\/www.farma-podyji.cz\/index.php\/wp-json\/wp\/v2\/types\/page"}],"author":[{"embeddable":true,"href":"https:\/\/www.farma-podyji.cz\/index.php\/wp-json\/wp\/v2\/users\/1"}],"replies":[{"embeddable":true,"href":"https:\/\/www.farma-podyji.cz\/index.php\/wp-json\/wp\/v2\/comments?post=44"}],"version-history":[{"count":23,"href":"https:\/\/www.farma-podyji.cz\/index.php\/wp-json\/wp\/v2\/pages\/44\/revisions"}],"predecessor-version":[{"id":898,"href":"https:\/\/www.farma-podyji.cz\/index.php\/wp-json\/wp\/v2\/pages\/44\/revisions\/898"}],"wp:attachment":[{"href":"https:\/\/www.farma-podyji.cz\/index.php\/wp-json\/wp\/v2\/media?parent=44"}],"curies":[{"name":"wp","href":"https:\/\/api.w.org\/{rel}","templated":true}]}}