{"id":528,"date":"2021-11-22T19:55:32","date_gmt":"2021-11-22T19:55:32","guid":{"rendered":"https:\/\/www.farma-podyji.cz\/?page_id=528"},"modified":"2026-01-22T12:22:22","modified_gmt":"2026-01-22T12:22:22","slug":"cenik","status":"publish","type":"page","link":"https:\/\/www.farma-podyji.cz\/index.php\/jehneci-maso\/cenik\/","title":{"rendered":"CEN\u00cdK"},"content":{"rendered":"\n<p>Principu konzumace masa je n\u011bkdy mimo jin\u00e9 vyt\u00fdk\u00e1na skute\u010dnost, \u017ee jsou zv\u00ed\u0159ata krmena t\u00edm, co m\u016f\u017eeme sami sn\u00edst. A to je p\u0159inejmen\u0161\u00edm nehospod\u00e1rn\u00e9 a nelze snad s touto v\u00fdtkou nesouhlasit.&nbsp;V na\u0161em chovu se s&nbsp;t\u00edmto nesetk\u00e1te: \u017e\u00e1dn\u00e9 obil\u00ed, \u017e\u00e1dn\u00e9 granule s&nbsp;b\u016fhv\u00ed\u010d\u00edm \u2013 ve vegeta\u010dn\u00ed sezon\u011b se pasou na\u0161e st\u00e1da po rezervac\u00edch, v zim\u011b chut\u011b p\u0159ij\u00edmaj\u00ed seno, s&nbsp;n\u00edm\u017e jsme se za horka d\u0159eli na louk\u00e1ch pod\u00e9l \u0159eky Dyje.<\/p>\n\n\n\n<p>V\u00edce informac\u00ed v nab\u00eddkov\u00e9m list\u011b. Maso osobn\u011b rozv\u00e1\u017e\u00edme v mikulovsk\u00e9m a znojemsk\u00e9m regionu, na jin\u00e1 m\u00edsta dle dohody. Jehn\u011b\u010d\u00ed maso m\u016f\u017eete objedn\u00e1vat na emailu&nbsp;<strong>farma.podyji@seznam.cz<\/strong><\/p>\n\n\n\n<p>P\u0159edes\u00edl\u00e1me, \u017ee jehn\u011b\u010d\u00ed maso je sez\u00f3nn\u00edm produktem! Jeh\u0148ata se n\u00e1m rod\u00ed v b\u0159eznu a\u017e dubnu, aby se ve vysok\u00e9 m\u00ed\u0159e pod\u00edlela na vyp\u00e1s\u00e1n\u00ed p\u0159\u00edrodn\u00edch rezervac\u00ed a&nbsp;jejich zdrav\u00e9&nbsp;a&nbsp;snad i \u201e\u0161\u0165astn\u00e9\u201c maso je k dispozici zhruba od za\u010d\u00e1tku srpna do V\u00e1noc.&nbsp;<\/p>\n\n\n\n<div class=\"is-layout-flex wp-container-3 wp-block-columns\">\n<div class=\"is-layout-flow wp-block-column\">\n<figure class=\"wp-block-image size-large is-resized is-style-default\"><img decoding=\"async\" src=\"https:\/\/mlpu4x94dnfe.i.optimole.com\/w:auto\/h:auto\/q:mauto\/https:\/\/www.farma-podyji.cz\/wp-content\/uploads\/2021\/05\/zebra.jpg\" alt=\"\" class=\"wp-image-74\" width=\"277\" height=\"150\"\/><\/figure>\n<\/div>\n\n\n\n<div class=\"is-layout-flow wp-block-column\">\n<figure class=\"wp-block-image size-large is-resized is-style-default\"><img decoding=\"async\" src=\"https:\/\/mlpu4x94dnfe.i.optimole.com\/w:auto\/h:auto\/q:mauto\/https:\/\/www.farma-podyji.cz\/wp-content\/uploads\/2021\/05\/regionalni-znacka.png\" alt=\"\" class=\"wp-image-75\" width=\"161\" height=\"152\"\/><\/figure>\n<\/div>\n<\/div>\n\n\n\n<p>Jehn\u011b\u010d\u00ed maso prod\u00e1v\u00e1me ve form\u011b \u201ekolekc\u00ed\u201c. Kolekce obsahuje p\u0159irozen\u00fd pom\u011br t\u011bchto parti\u00ed: kotletka \u2013 h\u0159eb\u00ednek, k\u00fdta bez kosti, plec bez kosti, dv\u011b kol\u00ednka a\u00a0\u017eebra. Ve velk\u00e9 kolekci je nav\u00edc cel\u00fd h\u0159bet. Kolekce odpov\u00edd\u00e1 p\u016flce jehn\u011bte, p\u0159esn\u00e1 v\u00e1ha kolekce a kone\u010dn\u00e1 cena dle skute\u010dn\u00e9\u00a0v\u00e1hy kusu, cena je <strong>369 K\u010d\/kg i s DPH<\/strong>.<\/p>\n\n\n\n<div class=\"is-layout-flex wp-container-6 wp-block-columns\">\n<div class=\"is-layout-flow wp-block-column\">\n<figure class=\"wp-block-image size-large is-style-default\"><img decoding=\"async\" width=\"1024\" height=\"812\" src=\"https:\/\/mlpu4x94dnfe.i.optimole.com\/w:1024\/h:812\/q:mauto\/https:\/\/www.farma-podyji.cz\/wp-content\/uploads\/2021\/05\/03-jehneci-maso1.jpg\" alt=\"\" class=\"wp-image-128\"\/><\/figure>\n<\/div>\n\n\n\n<div class=\"is-layout-flow wp-block-column\"><\/div>\n<\/div>\n\n\n\n<p> <a href=\"https:\/\/www.farma-podyji.cz\/index.php\/jehneci-maso\/ovcacky-receptar\/\" data-type=\"page\" data-id=\"236\">OV\u010c\u00c1CK\u00dd RECEPT\u00c1\u0158<\/a> <\/p>\n","protected":false},"excerpt":{"rendered":"<p>Principu konzumace masa je n\u011bkdy mimo jin\u00e9 vyt\u00fdk\u00e1na skute\u010dnost, \u017ee jsou zv\u00ed\u0159ata krmena t\u00edm, co m\u016f\u017eeme sami sn\u00edst. A to je p\u0159inejmen\u0161\u00edm nehospod\u00e1rn\u00e9 a nelze snad s touto v\u00fdtkou nesouhlasit.&nbsp;V na\u0161em chovu se s&nbsp;t\u00edmto nesetk\u00e1te: \u017e\u00e1dn\u00e9 obil\u00ed, \u017e\u00e1dn\u00e9 granule s&nbsp;b\u016fhv\u00ed\u010d\u00edm \u2013 ve vegeta\u010dn\u00ed sezon\u011b se pasou na\u0161e st\u00e1da po rezervac\u00edch, v zim\u011b chut\u011b p\u0159ij\u00edmaj\u00ed seno, &hellip; <\/p>\n<p class=\"link-more\"><a href=\"https:\/\/www.farma-podyji.cz\/index.php\/jehneci-maso\/cenik\/\" class=\"more-link\">Read the full post &rarr;<span class=\"screen-reader-text\">&#8222;CEN\u00cdK&#8220;<\/span><\/a><\/p>\n","protected":false},"author":1,"featured_media":0,"parent":38,"menu_order":0,"comment_status":"closed","ping_status":"closed","template":"","meta":[],"_links":{"self":[{"href":"https:\/\/www.farma-podyji.cz\/index.php\/wp-json\/wp\/v2\/pages\/528"}],"collection":[{"href":"https:\/\/www.farma-podyji.cz\/index.php\/wp-json\/wp\/v2\/pages"}],"about":[{"href":"https:\/\/www.farma-podyji.cz\/index.php\/wp-json\/wp\/v2\/types\/page"}],"author":[{"embeddable":true,"href":"https:\/\/www.farma-podyji.cz\/index.php\/wp-json\/wp\/v2\/users\/1"}],"replies":[{"embeddable":true,"href":"https:\/\/www.farma-podyji.cz\/index.php\/wp-json\/wp\/v2\/comments?post=528"}],"version-history":[{"count":6,"href":"https:\/\/www.farma-podyji.cz\/index.php\/wp-json\/wp\/v2\/pages\/528\/revisions"}],"predecessor-version":[{"id":913,"href":"https:\/\/www.farma-podyji.cz\/index.php\/wp-json\/wp\/v2\/pages\/528\/revisions\/913"}],"up":[{"embeddable":true,"href":"https:\/\/www.farma-podyji.cz\/index.php\/wp-json\/wp\/v2\/pages\/38"}],"wp:attachment":[{"href":"https:\/\/www.farma-podyji.cz\/index.php\/wp-json\/wp\/v2\/media?parent=528"}],"curies":[{"name":"wp","href":"https:\/\/api.w.org\/{rel}","templated":true}]}}